
Suppose 23*v + 4*p = 18*v + 122872, 2*p = -14. What is the greatest common divisor of 20 and v?
20
Let h(c) = -4*c + 136. Let a be h(25). Suppose -a - 24 = -10*o. Calculate the highest common divisor of 282 and o.
6
Let t(m) = 2249*m - 13166. Let p be t(6). Calculate the greatest common divisor of 488 and p.
8
Let i(h) = h**2 - 39*h + 115. Let r be i(25). Let j = r + 283. Calculate the highest common divisor of j and 240.
48
Let m = -1957 - -2009. Suppose 80 = f + 3*f. Let t = f + m. Calculate the highest common factor of 12 and t.
12
Suppose -16*c = -17*c + j - 65, -2*c - 135 = 3*j. Let l be (-1)/(-3) - c/99. What is the highest common factor of l and 1?
1
Let s = -11948 + 12022. What is the highest common factor of s and 18?
2
Let t = 152 - 45. Let h = t - 95. Calculate the highest common divisor of 36 and h.
12
Let a be (2864*1/(-14))/(6/(-21)). What is the greatest common divisor of a and 537?
179
Let o be (-8)/(36 + -4)*(-1 + 1). Suppose o = s + 30 - 46. Calculate the greatest common divisor of s and 184.
8
Suppose -45*h - 181 = -2*o - 46*h, 4*o = 5*h + 355. Calculate the highest common factor of 1330 and o.
10
Let b = 141 - 101. Let h be (b/15 + 0)*(-99)/6. Let g = h + 84. What is the greatest common divisor of g and 16?
8
Let m be 534*11/2 - ((2 - 7) + 2). Calculate the greatest common factor of m and 70.
70
Let r(o) = o**3 - o**2 - 2*o + 6. Let x be r(-4). Suppose 0 = 9*t + 250 + 164. Let l = t - x. Calculate the highest common factor of 15 and l.
5
Suppose -139 + 31 = -2*v. Suppose -2*i + k + 1191 = 0, 14*k - 3 = 15*k. What is the highest common divisor of i and v?
54
Suppose 0 = -9*o + 14*o - 15. Suppose -o*j + 2*q + 2702 = 0, 3*j = -4*q + 1520 + 1176. What is the highest common divisor of 36 and j?
36
Suppose 599 - 244 = 4*w - 197. Let b be 1*6*(-1)/(-1). Calculate the greatest common divisor of w and b.
6
Suppose -5*z - 40 = 5*d, 39*d - 3*z - 12 = 38*d. Let f be 261 + 3/9*d. What is the highest common divisor of 13 and f?
13
Let n be ((-2)/(-4))/((-5)/(-220)). Suppose -a + 93 = -2*g, -139*a + 2*g = -135*a - 390. Calculate the greatest common divisor of n and a.
11
Let n(q) = 12 - 26*q + 12*q + 4*q**2 + 2*q**2. Let z be n(4). Calculate the greatest common factor of z and 4.
4
Suppose -5*h + w = -5, 2*w - 4*w = -3*h - 4. Suppose h*k + 17 = 53. What is the highest common factor of 153 and k?
9
Suppose 7 + 81 = q. Let j be ((-144)/64)/((-2)/q). What is the greatest common factor of j and 11?
11
Let v(x) = 2*x - 13 + 11*x + 11*x**2 + 11*x**2 - 10*x**3 + 11*x**3. Let n be v(-21). What is the highest common factor of n and 5?
5
Let z be 4*8/(-32)*-1 - -7. What is the greatest common divisor of z and 376?
8
Let b = 1471 + -976. Let s = b + -463. Calculate the highest common divisor of s and 64.
32
Let i be (-1045)/(-380)*8*5. Calculate the highest common factor of i and 649.
11
Let b = -1041 + 251. Let x = b + 796. Calculate the highest common divisor of 336 and x.
6
Let j(i) = -i**3 - 3*i**2 + 7*i + 5. Let p be j(-5). Let f(l) = 10*l**2 - 2773*l - 13835. Let n be f(-5). Calculate the greatest common divisor of n and p.
20
Let j be (-1 - -1) + (41 - 49) + 4700. Calculate the highest common divisor of 24 and j.
12
Let y(b) = 3*b**3 + 45*b**2 - 23*b - 212. Let u be y(-15). Suppose 5*r - 54 - 41 = 0. What is the highest common factor of r and u?
19
Suppose -11 = -3*i - 5. Let w be 36/(-3) - (2 + i). Let t(y) = -y**3 - 18*y**2 - 36*y - 23. Let p be t(w). What is the greatest common divisor of p and 41?
41
Let q(t) = 2*t + 58. Let v be q(-9). Suppose -6*x + x + v = 0. Suppose 4 - 68 = -x*d. Calculate the greatest common factor of 28 and d.
4
Suppose 0 = l + 5*c - 169 + 59, -2*c + 350 = 4*l. Let n = -4386 - -4437. Calculate the greatest common factor of n and l.
17
Let c(m) = -m**2 + 12*m - 28. Let v be c(9). Let h be v + 62/10 + (-36)/180. What is the greatest common factor of 280 and h?
5
Let b be ((-1122)/9)/((-240)/360). What is the highest common factor of b and 12529?
187
Suppose m - l + 25 = 2*m, 0 = -2*l - 10. Suppose 0 = -5*r + 3*h + 315, -30 = 4*r + 2*h - 260. What is the greatest common divisor of m and r?
30
Suppose 0 = o - i - 119, 121 = o - 2*i + 3*i. Let a = 144 + o. Suppose 0 = m - 5*n - 18, 8 = 5*n - 7. Calculate the highest common factor of m and a.
33
Let t = 597 + -561. Suppose -3*f + 5*f - 2*j = 92, f = -5*j + 40. Calculate the highest common divisor of t and f.
9
Let z = 501 - -98. Let o = z + -586. Calculate the highest common factor of 247 and o.
13
Let h = 638 + -548. Calculate the highest common factor of 110 and h.
10
Let q(p) = 2*p**2 - 173*p + 1730. Let c be q(11). Let a be -2 - (-1)/1 - -16. Let r be -2*(-1 + c/a)*-5. Calculate the highest common divisor of 18 and r.
18
Suppose 10*x - 452 = -42. Suppose x*h - 87 = 38*h. What is the highest common factor of 232 and h?
29
Let a = -5151 - -6567. Calculate the greatest common divisor of a and 40.
8
Let u = 246 + -246. Suppose 6*v + m = v + 721, -v - 4*m + 148 = u. What is the highest common factor of 108 and v?
36
Suppose 109 = n - 5*t + 104, 3*t + 38 = 2*n. What is the greatest common factor of 11575 and n?
25
Let x be 3/12 + 23/4. Suppose 0*a - x*a = -54. Let u = 26 - a. What is the highest common factor of u and 119?
17
Let j(c) = -c**3 + 12*c**2 + 18*c + 31. Let w be j(13). Suppose -12 = 4*k + 64. Let p = -13 - k. Calculate the greatest common divisor of p and w.
6
Let t be -58*1/8*-92. Suppose 3*b - t = -p, -b + p = -5*b + 891. What is the highest common divisor of 28 and b?
28
Suppose 5*f = -4*j + 16421, 4*j + 4*f = 6*f + 16414. Suppose -32*z = 4*z - j. Calculate the highest common factor of z and 190.
38
Let m = -7 - -34. Let b be (9/5)/((-8)/(-320)). What is the greatest common divisor of b and m?
9
Let q be (-2 + 9/6)/((-2)/480). Let i = 208 - q. Suppose 2*c - 5*z - 9 = 13, -5*c + 55 = -2*z. What is the highest common factor of c and i?
11
Suppose 19*i = 15*i - 10*u + 370, -2*i + 4*u + 248 = 0. What is the greatest common divisor of 6138 and i?
22
Let n be 12/(-42) + (972/21 - 5). Calculate the greatest common factor of n and 41.
41
Let f be (-2786)/(-29) - 288/4176. Calculate the greatest common factor of 608 and f.
32
Let g be ((-7)/(-4) - (-3)/(-12))*20. Suppose g = 2*f + n, -f = 4*n - 11 - 4. Calculate the greatest common factor of 12 and f.
3
Let v(f) = -f**3 + 7*f**2 - 2*f - 6. Let d be v(6). Let k be (135/36)/((-55)/80 - -1). Calculate the greatest common divisor of k and d.
6
Let u be 330293/289 + (-12)/(-102). Calculate the highest common factor of u and 90.
9
Let k(l) = l**3 - 10*l**2 - 2*l - 91. Suppose r = 3*x - 4*r - 58, -3*r - 59 = -4*x. Let s be k(x). Calculate the highest common divisor of s and 760.
8
Suppose -m = -4*t - 48 - 58, -m + t = -97. What is the highest common divisor of 141 and m?
47
Suppose 297*x + 6793 = -26430 + 596335. What is the greatest common divisor of x and 96?
24
Let o be 8 - 180/10 - -39. Let l(g) = 8*g**2 - 4*g + 42. Let u be l(7). Calculate the highest common divisor of o and u.
29
Suppose 0*p = -12*p + 204. Let c(n) = -46*n + 109. Let s be c(2). Calculate the greatest common divisor of s and p.
17
Let a(d) = d**3 + 8*d**2. Let o be a(-6). Let c be (1230069/(-24))/(-89) + (-3)/(-24). What is the greatest common divisor of o and c?
72
Let b = -229182 + 230560. Let a = 13 - -13. What is the highest common divisor of a and b?
26
Let t be -3*((-1)/((-4)/(-12)) + 2). Let q be t + (-6)/24*0. What is the greatest common factor of 54 and q?
3
Let z = 21 + 95. Let l = 167 - z. Let a(j) = j**3 - 6*j**2 + 4*j - 7. Let y be a(6). What is the highest common factor of l and y?
17
Suppose 5*i - 756 = 414. Let o(z) = z**2 - 26*z - 21129. Let b be o(-133). Calculate the greatest common divisor of b and i.
18
Let x(k) = -7*k**2 + 1167*k + 340. Let g be x(167). What is the greatest common factor of 447 and g?
3
Suppose 3*j + 12 + 125 = 5*m, 5*m = -3*j + 113. What is the highest common divisor of m and 13075?
25
Let w be (153/(-102))/(3/(-8)). Suppose -3*q + m + 0 + 7 = 0, 2 = 3*q + w*m. Calculate the highest common factor of q and 14.
2
Let w(j) = j**3 - 3*j**2 - 5*j - 6. Let q be w(-6). Let v be (q/3)/((-4)/8). Let m be 5/2*((-30)/(-3) + 6). Calculate the greatest common factor of m and v.
40
Suppose 5*r - 15 = -k - 8, -3*r + 7 = 2